 - 121 = -119*v. Calculate the remainder when d(5) is divided by g.
33
Let h be (-150)/45*3/(-2). Let y be 80/(-6)*132/(-55). Suppose h = -3*t + y. Calculate the remainder when t is divided by 5.
4
Suppose -2*x + 1505 = 3*g, -5*g + x = -1698 - 845. Calculate the remainder when g is divided by 256.
251
What is the remainder when 7/(-2)*(-192800)/1400 is divided by 97?
94
Suppose 3*q = -x + 178, 10*x + 5*q = 11*x - 194. Calculate the remainder when x is divided by 37.
36
Suppose -8*a = -161 + 17. Let f(h) = 25*h**2 - 4. Let i be f(-3). Suppose a*y = 5*y + i. Calculate the remainder when 117 is divided by y.
15
Let l = -1053 - -1430. What is the remainder when l is divided by 185?
7
Let n = 3534 + -3485. Let h = -14 + 57. Suppose -4*m - 5*g + 50 = 0, 2*g - 7 = 4*m - h. Calculate the remainder when n is divided by m.
9
Suppose 5*q + 143 = 13*q - 177. Calculate the remainder when q is divided by 4.
0
Let t = 217 + -128. Calculate the remainder when 3289 is divided by t.
85
Let r(f) = 3*f**2 - 10*f + 6. Let a = -19899 + 19914. Calculate the remainder when r(6) is divided by a.
9
Let s(z) = 174*z**2 + 388*z + 2379. What is the remainder when s(-6) is divided by 89?
85
Let k(y) = y**2 - y + 7. Let b(c) = 11 + 0*c + c**3 + 11*c - 480*c**2 + 473*c**2. Calculate the remainder when k(-7) is divided by b(5).
15
Suppose q - 4*w = 289, q + 81*w = 82*w + 310. What is the remainder when q is divided by 103?
8
Suppose 1028 = -5*w + 2*m, 2*m + 208 = -12*w + 11*w. Let s = w + 220. Calculate the remainder when 54 is divided by s.
12
Let r(q) = -516*q - 17018. Suppose -248 + 49 = -h + 4*o, 4*o = 2*h - 406. Calculate the remainder when h is divided by r(-33).
7
Let w(k) = k**3 + 10*k**2 - 7*k - 9. Let d(i) = 113*i**2 + 110*i**2 + 9 - i - 222*i**2. What is the remainder when w(-10) is divided by d(0)?
7
Suppose -6*c - 3*c + 1857 = w - 13*c, -5*c = 0. What is the remainder when w is divided by 100?
57
Suppose 17*d - 140 + 21 = 0. Suppose u + 72 = -5*p + d*p, -p + 2*u = -36. What is the remainder when p is divided by 19?
17
Let z(n) = -1 + 62*n**2 + 1 - 58*n**2 - 4*n - n + 2. What is the remainder when (2 - 74/(-4))*2 is divided by z(-1)?
8
Let d be 12 + (-245)/20 - 27/4. Let l(v) = 39*v + 311. What is the remainder when 125 is divided by l(d)?
11
Let j(i) = -i**3 + 13*i**2 + 45*i + 38. Let g be j(11). Let w = 1088 - g. What is the remainder when w is divided by 21?
19
Let l(u) = -90*u**3 - 4*u - 5. Let s be (-6)/(-3)*10/(-20). What is the remainder when l(s) is divided by 34?
21
Let i = 234 - 221. Suppose -358 - 240 = -i*y. What is the remainder when 91 is divided by y?
45
What is the remainder when 178 is divided by 3/((-5)/(-110)*-1)*(-2)/4?
13
Let p be ((-15)/12)/(2/(-8)). Suppose -5 = c - 6, c = -p*i + 261. What is the remainder when 570 is divided by i?
50
Let s(f) = -2*f**2 - 49*f - 29. Let l be 1 + -3 - 660/33. Suppose 0 = 6*v - v - 210. What is the remainder when s(l) is divided by v?
39
Let g(q) = -q**3 - 4*q**2 + 2*q - 13. Let k be g(-6). Suppose 3*u + 4*i = -i + 31, 3*u = -i + k. What is the remainder when 3*(-1)/((-6)/100) is divided by u?
16
Let s be -2 + -2 + 2 + 2. Let w be 119 - 122 - -1*7. Suppose s = w*m + 112 - 124. What is the remainder when 5 is divided by m?
2
Let t = -36731 + 37716. Calculate the remainder when t is divided by 448.
89
Let k(c) be the first derivative of -9*c**2 - 3*c - 30. What is the remainder when k(-10) is divided by 36?
33
Let o be 680/2 - (56/(-7))/2. Suppose 188 = -4*m + o. Calculate the remainder when 310 is divided by m.
37
Let j(p) be the first derivative of -p**3/3 + 23*p**2/2 - 76*p + 1. Calculate the remainder when 141 is divided by j(16).
33
Let k = 2299 + -1858. Calculate the remainder when k is divided by 148.
145
Suppose 0 = -2*q + 4*r + 65816, -2*q - 5*r - 4503 = -70355. What is the remainder when q is divided by 302?
300
Suppose -28*b + 10 = -26*b + 3*g, -2*b = -3*g - 34. What is the remainder when 1185 is divided by b?
8
Let a(j) = -j**2 - 10*j + 18. Let o be a(-10). Let x = -13 + o. Suppose -4*t + 37 = -5*u, x*t - u - 50 = 4*u. What is the remainder when 76 is divided by t?
11
Suppose -v + 3 = -3*h + 2, 79 = 4*v + 3*h. Let f(t) = -t**3 - 7*t**2 + 3*t + 5. Let r be f(-5). Let i = r - -105. What is the remainder when i is divided by v?
13
Let j = -204 + 483. Let f(v) = 4*v + 56. Calculate the remainder when j is divided by f(-4).
39
Suppose 0 = 2*c, -2*c - 22 = -2*k + 22. Suppose 17*u = 939 + 928 - 728. Calculate the remainder when u is divided by k.
1
Suppose -12*m + 130 = -369 + 43. Suppose -227 = -2*r - r + 2*a, -5*a = -4*r + 291. Calculate the remainder when r is divided by m.
3
Let x be -5 + 2 - (0 + -4) - -9. What is the remainder when 79 is divided by (-35)/x*2*-4?
23
Let w(v) = 4*v**3 - 17*v**2 + 24*v + 15. What is the remainder when 657 is divided by w(5)?
27
Let p be (-16)/88 + (-70)/(-22). Suppose p*d = -4*f + 109, 153 = 4*f - d + 24. Calculate the remainder when f is divided by 19.
12
Suppose 7189 + 3857 = 88*r + 2334. Calculate the remainder when 590 is divided by r.
95
Suppose -18*x + 34*x + 4101 = 19*x. What is the remainder when 1373 is divided by x?
6
Let z(t) = 16*t + 16. Let x be z(-15). Let d = x + 355. Let k = -112 + d. What is the remainder when 34 is divided by k?
15
Let y = 11797 + -7479. What is the remainder when y is divided by 90?
88
Let f(d) = 3*d**2 + 3*d + 2. What is the remainder when (309/24 - (5 + 8)) + 1490/16 is divided by f(-2)?
5
Suppose -68 = -2*u - u + 2*h, -2*u + 3*h + 37 = 0. Calculate the remainder when -16*5/(-160) + (-97)/(-2) is divided by (u/(-8))/(4/(-16)).
10
Let n = 7652 - 7253. What is the remainder when n is divided by 15?
9
Let q(y) = 457*y - 3650. What is the remainder when 175 is divided by q(8)?
1
Let n = -71 + 136. Let o be (2/(-12))/(11/(-1584)*6). Suppose -n = -j + 5*d, -2*j + o*d = -174 + 56. Calculate the remainder when j is divided by 19.
17
What is the remainder when 21/(1470/56) - (-2 - 251/5) is divided by 8?
5
Let b = 111 + -77. Calculate the remainder when b is divided by 12/(-5)*(-2725)/436.
4
Suppose -5*k + 34 = 5*z + 29, 3*k = 3*z - 3. Suppose 4*j - 788 = -2*s, 2*j = -k*j - 2*s + 390. Calculate the remainder when j is divided by 63.
10
Suppose 4*t - 1372 = 2*s, -3*t - 72*s + 1016 = -67*s. Calculate the remainder when 1642 is divided by t.
274
Let t be ((-981)/(-12))/((-24)/(-64)). Let s = 146 - t. Let k = 227 + s. Calculate the remainder when k is divided by 52.
51
Let x(v) = -v**3 + 67*v**2 - 516*v + 137. Calculate the remainder when 1962 is divided by x(58).
22
Let f(r) = 5*r - 7. Let b(h) = 14*h**2 - h - 3. Suppose -2*l = -5*u, 0 = u + l - 0*l + 7. Calculate the remainder when b(u) is divided by f(7).
27
Suppose 485 = 5*w + 2*i, -4*w = i + 4*i - 405. Let j = -1080 - -1129. What is the remainder when w is divided by j?
46
Suppose 5*m + 4*n + 222 = -437, 290 = -2*m + 5*n. Let p = 153 + m. Calculate the remainder when 33 is divided by p.
15
Suppose 4*f = -2*q + 212, 2*f - 382 = 38*q - 42*q. What is the remainder when 850 is divided by q?
22
Suppose -58*y + 57*y = -3. Suppose y*j - 1 = 14, -4*u + 367 = 3*j. Calculate the remainder when u is divided by 30 + 1/1*1.
26
Let r = 5093 - 5073. Calculate the remainder when 10618 is divided by r.
18
Let g be (-9)/6*((-4)/3 + 0). Calculate the remainder when (-145)/g*((-48)/15)/4 is divided by 8.
2
Calculate the remainder when 555 is divided by (-109 - -142)*(-2)/(-2).
27
Suppose 3*y - 73*o = -75*o + 761, -996 = -4*y - 5*o. Calculate the remainder when 1044 is divided by y.
8
Let o be (-1)/(-3) - (-26)/(-6). Suppose -91060*y + 91169*y = 5886. What is the remainder when y is divided by (9 + -1)*(-6)/o?
6
Let f(v) = 7*v + 29. Let x be f(9). Let o = -71 + x. Let p(n) = n + 6. What is the remainder when o is divided by p(0)?
3
Suppose 155*p - 721 + 75 - 1369 = 0. What is the remainder when 4130 is divided by p?
9
Suppose -4*s - 5*j = 48, 0*j + 3*j - 23 = 5*s. Let u(n) = -7*n + 12. Calculate the remainder when u(s) is divided by 22.
17
Let o = 108 - 112. Calculate the remainder when (5 + o - 2)*-547 is divided by 50.
47
Let l = 7966 + -6542. Calculate the remainder when l is divided by 46.
44
Suppose -3*h + 4*h - 151 = 0. Suppose -139 - 168 = 2*b + m, -b - h = m. Let v = 224 + b. Calculate the remainder